1). Suppose l*r - 584 = 21. Is r prime?
False
Let i be (46 + (-3 - -3))/1. Let b be (i/(-4) + 1)*-2. Is b - (0/(-3) - 0) prime?
False
Let r be -7*(-15 - 3/1). Suppose 2*q + 158 = 3*s, -3*s + 99 + 132 = -3*q. Let l = r + q. Is l a composite number?
False
Suppose -3*k = 3*p + p + 620, 0 = 3*k. Let g = p + 316. Is g composite?
True
Let z be 2 + (-5)/(5/(-2)). Let m(o) = -4*o + z - 3 - 14*o. Is m(-5) a prime number?
False
Let v be (-12)/(-20) - 192/(-5). Suppose 0*f + f = -5, 2*f = -a + v. Is a a prime number?
False
Is 20/(-4) + 4 + 440 a composite number?
False
Suppose -2*v - v + 333 = 0. Is v composite?
True
Suppose 5 = -2*y - 5*l + 1, 0 = -5*y + 5*l + 25. Suppose -2*s - s - 4*k + 903 = 0, 2*k = y*s - 903. Is s prime?
False
Let h(v) = -155*v - 2. Let j be h(-2). Suppose 2*o - j = 126. Is o a composite number?
True
Let h be ((-18)/(-4))/(1/2). Suppose -5*b + h + 326 = 0. Is b composite?
False
Suppose -2*w + 10 - 152 = 0. Let p = w - -216. Is p prime?
False
Suppose 2*w - 3344 = -h - 2*h, h - 4*w = 1110. Is h prime?
False
Is 59/(4*(-3)/(-24)) a prime number?
False
Suppose -3*j = 5*z + 6 + 5, 4*j - 5*z + 3 = 0. Is 1/((-2)/(j - 836)) composite?
False
Suppose 322 = 2*p - 5*z - 660, -5*z - 1964 = -4*p. Is p composite?
False
Let d(p) = -123*p + 10. Is d(-11) composite?
True
Suppose -t - t = 3*h - 2, 1 = 3*t + 5*h. Let r(s) = 7*s - s**2 + 8 - 6*s + t*s. Is r(7) a composite number?
True
Let s = -729 + 1430. Is s a composite number?
False
Let w(t) = 3*t**2 - 13. Is w(4) prime?
False
Suppose 4*b = -26 - 30. Let r = b - -8. Is (-532)/r + (-1)/(-3) composite?
False
Let f(q) = q**3 - 6*q**2 + 2*q - 9. Let d be f(6). Let c(t) = -5 - t**3 - 3*t**3 + 5*t**d - 5*t**2 + 10*t. Is c(7) composite?
False
Let c(k) = 14*k**2 + 4*k - 5. Is c(-4) prime?
False
Suppose -p + q + 348 = -0*q, 5*q = -5. Is p a prime number?
True
Let s = -100 + 153. Is s composite?
False
Is -3 + (335 - -1) - 2 a composite number?
False
Let b = 133 + 281. Is b/(-6)*2/(-6) composite?
False
Let o(u) = -u**3 + 28*u**2 - 5*u + 60. Is o(26) a prime number?
False
Let j(f) = f**2 - 6*f + 7. Let m be j(5). Suppose -5*b - 2*s = -875, -b + 541 = 2*b - m*s. Is b a composite number?
True
Suppose 1126 = 5*c - 3*c. Is c prime?
True
Let j = 518 - 139. Is j prime?
True
Suppose 1766 = -2*v - 3*v - 3*r, 3*v + 5*r = -1050. Is v/(-3) + 6/9 a composite number?
True
Suppose n - 2*o + 1 = 0, -n + 3*o = 2*n - 3. Let i be 224/6 + n/(-9). Suppose 0 = 3*t + 2*y - i, 2*t = -2*y + 42 - 16. Is t prime?
True
Suppose -40 = d - 6*d. Let l = d - 5. Suppose z - 4*g - 20 = 3, -z - l*g = -2. Is z a prime number?
True
Let l = -5 + 5. Suppose 4*i + l*w = -w + 15, 5*i - 19 = -w. Suppose -5*b - h + 3*h + 269 = 0, 0 = -i*h - 8. Is b composite?
False
Suppose 821 = 4*c + 5*x, -c + 3*x = -234 + 50. Is c a prime number?
True
Is (-202)/((-10)/6*(-14)/(-35)) a composite number?
True
Let j = 239 - -232. Is j prime?
False
Suppose -2*z + 7*z + 10 = -2*q, -4*q = z + 2. Suppose q = 4*y - y - 93. Is y prime?
True
Let i(q) = 2*q - 14. Let h be i(10). Suppose h*a - 3*a = -24. Is -2 - -5 - (a - -1) a composite number?
True
Let r(u) = -2*u. Let x be r(-2). Suppose x*z - 3*a = -0*z + 13, 2*z - a = 9. Is z prime?
True
Suppose 5*f - 8 = 4*w, -2*f + 29 - 9 = 4*w. Suppose 0 = -0*b - 4*b + 8. Suppose -b*k = -f*k + 30. Is k a prime number?
False
Let a(z) = -z**3 - 6*z**2 + 3. Let q be a(-6). Suppose 2 = q*m - m. Is m/(-1)*1 + 32 a composite number?
False
Suppose 0 = 3*j + 3*r + 483, -5*j + r + 110 - 939 = 0. Is -1 + 3 + 0 - j composite?
False
Let c(r) be the third derivative of -r**5/60 - 3*r**4/8 + r**3/2 + r**2. Is c(-8) prime?
True
Let o(x) = -5*x. Let p be o(-1). Suppose -2*i + p*s + 93 = -0*i, -s = i - 64. Is i a composite number?
False
Suppose -4*f + 37 = -23. Suppose -3*g - f = -81. Suppose i - 3*d - g = 0, 0 = -4*i - i - 3*d + 56. Is i a composite number?
False
Let s be 87*1 + 10 + -11. Let m = s + -49. Is m a composite number?
False
Suppose 0 = -4*q + 4*f + 511 + 141, -q + 2*f + 163 = 0. Let u = q + -74. Is u a composite number?
False
Is (-83)/(-2)*(-10)/(-3 - 2) a prime number?
True
Let q be -1 + 1 + (2 - -9). Let c(b) = -5*b + q*b + 1 - 6. Is c(4) prime?
True
Let i be (-24)/(-2) - (1 - 1). Let j = 21 - -4. Let l = j - i. Is l prime?
True
Suppose 6*y - 11 = 7. Suppose -1576 = -2*o - 5*m - 169, 0 = y*m - 15. Is o a prime number?
True
Let k be 16/(-3) + 3/9. Is (-128)/k - 3/5 a prime number?
False
Suppose -2*p - 7 = -3*p. Let m = -4 + p. Suppose -m*o + 2*o + 4 = 0, 2*o = 5*f - 62. Is f a composite number?
True
Let a be (-2*(-2)/4)/1. Let l = a - -6. Suppose -l*x = -3*x - 24. Is x a prime number?
False
Let u be 4 + ((-4)/1)/4. Suppose 109 + 272 = u*g. Is g a composite number?
False
Let q(c) = 2*c**3 + 2*c**2 - 4*c + 3. Let r be (2/(-6))/(1/(-9)). Suppose 2*t + 2 = r*t. Is q(t) a prime number?
True
Let r = -12 + 16. Suppose -r*y + 32 + 24 = 0. Is y composite?
True
Let s = 129 - -471. Let h = 7 - 1. Suppose -h*g - 4*a = -2*g - s, 3*g - 430 = a. Is g composite?
True
Suppose 5584 = 4*i - 3*u, 4*i - 13*u - 5600 = -14*u. Is i a prime number?
True
Let l(m) = -3*m**2 - 3*m + 44. Let j(b) = 2*b**2 + 2*b - 22. Let p(w) = 5*j(w) + 3*l(w). Suppose -f + 3*f = 0. Is p(f) a composite number?
True
Suppose -2*a + 19 = -5*v, a + 0*v - 4*v - 14 = 0. Suppose 3*w - a = w. Is (-312)/(-9) - w/(-3) a composite number?
True
Let o = 459 + -272. Is o composite?
True
Suppose -2*n + 6*n = 884. Is n a prime number?
False
Let u(j) = -j**3 + j**2. Let y(r) = 585*r**3 - 3*r**2 - 1. Let i(x) = -4*u(x) - y(x). Is i(-1) composite?
True
Let v(n) = -67*n**2 + 70*n**2 + n - 14*n + 3. Is v(11) composite?
False
Is 2/2 - (-128 + (-6 - -8)) composite?
False
Let x be 2 - (3 + (-2 - -1)). Suppose c - 86 = -u, -c + 2*c - u - 84 = x. Is c prime?
False
Suppose 4*g - 923 = -3*f - g, 5*f - 2*g - 1497 = 0. Is f prime?
False
Suppose 0 = -2*n - 2*j + 790, -j - 401 = -n - 4*j. Suppose -4*m + 481 = 3*u, -m - 2*m + n = -4*u. Suppose 2*a + 18 = m. Is a prime?
True
Let y(d) be the first derivative of -d**3/3 - 2*d**2 - 2. Let a be y(-3). Suppose 1 = -a*o + 22. Is o prime?
True
Let c(k) = -k**2 - 4*k. Let f be c(-3). Let u be ((-19)/(-1))/(f + -2). Suppose 2*o - u = o. Is o a composite number?
False
Let n = -37 + 83. Is (n/(-8))/((-1)/12) a prime number?
False
Let x = 27 - 25. Suppose 5*s = 2*i + 3*s - 570, 0 = s - x. Is i prime?
False
Let m = 1091 - 276. Suppose m = 4*w + w. Is w composite?
False
Let r = 9966 + -5399. Is r a prime number?
True
Let f be (4/5)/((-2)/455). Let q = f - -621. Is q a prime number?
True
Let x(h) = 43*h**2 + 9*h + 5. Is x(-6) a composite number?
False
Let n = 2 + 1. Let h(v) = 7 + v + n*v + 2*v. Is h(10) prime?
True
Suppose -3*w - 2*a + 30 = 0, -w - 2*w = -2*a - 18. Let q be (1/2)/(2/w). Suppose -q*t = -4*u - t + 61, 3*u = -5*t + 40. Is u a composite number?
True
Suppose -5*q - 4*n + 19 = 0, -3*n + 4 = q - 2*n. Suppose -q*a = a - 1284. Is a a composite number?
True
Suppose 0*i + 3*i = 246. Is i prime?
False
Is (-2 - -1) + 3 + 33 composite?
True
Suppose -i - 4*v + 22 = 0, 2*i = -3*i + v + 5. Suppose w + i - 13 = 0. Is w prime?
True
Suppose -3*f + 1392 = y, -f + 475 = -y + 5*y. Is f a prime number?
True
Let j be (1/1 + -2)*-89. Is j/2*(-6)/(-3) a prime number?
True
Let b = 2901 - 584. Is b a prime number?
False
Let n(q) = -q - 9. Let x be n(-11). Suppose -144 = -2*y - 2*b, y + x*b = 5 + 62. Is y a composite number?
True
Let k = -5 - -9. Suppose -4*a = -k - 4. Suppose 0 = -a*h - 1 + 63. Is h prime?
True
Let n(h) = -h**2 - 7*h - 4. Let p be n(-5). Suppose -2*c - d = -0*c - 6, 2*c = 4*d + p. Suppose -2*b + 40 = 2*y - b, c*b - 82 = -4*y. Is y composite?
False
Suppose 9*x - 11748 = -3*x. Is x a composite number?
True
Let k(n) = -215*n. Let r be k(3). Let s = 1128 + r. Suppose -q = -4*q + s. Is q a prime number?
False
Let q be 2/(-8) + (-3118)/8. Let d = -259 - q. Is d composite?
False
Let z(d) = 135*d**2 + 31*d + 7. Is z(-5) a prime number?
False
Suppose -5*u + u = -8. Suppose -u*m = -735 + 121. Is m a composite number?
False
Let f(x) = -3*x**2. Let i be f(1). Let h = i - -2. Is h + -4*19/(-2) a composite number?
False
Let z(d) = -d**3 + 3*d**2 + 5*d - 4. Suppose 2*i + 3 - 11 = 0. Let x be z(i). Is 1 - (x + -20*6) a composite number?
True
Let s(c) = -3 - 2*c - 3*c - 5*c**2 + 4*c**2. Let 